{"id":132,"date":"2026-03-07T06:47:26","date_gmt":"2026-03-07T06:47:26","guid":{"rendered":"https:\/\/ciecicapacita.com.mx\/ciecieditorial\/producto\/inclusion-en-la-escuela\/"},"modified":"2026-03-18T22:22:36","modified_gmt":"2026-03-18T22:22:36","slug":"inclusion-en-la-escuela","status":"publish","type":"product","link":"https:\/\/ciecicapacita.com.mx\/ciecieditorial\/producto\/inclusion-en-la-escuela\/","title":{"rendered":"Inclusi\u00f3n en la escuela"},"content":{"rendered":"<p>Autor(es): Patricia Germ\u00e1n, Roberto Romero<br \/>\nISBN: 978-607-9301-16-3<br \/>\n2a ed., julio de 2015<\/p>\n<p>A\u00fan cuando han pasado m\u00e1s de veinte a\u00f1os de las declaraciones que pugnan por el derecho a la inclusi\u00f3n -como la declaraci\u00f3n de Salamanca, UNESCO 1994- hablar de inclusi\u00f3n en nuestros d\u00edas resulta m\u00e1s un desaf\u00edo que el ejercicio de un derecho, una\u00a0especie de utop\u00eda con apenas algunas posibilidades de realizaci\u00f3n.<\/p>\n<p>Ante estos hechos y debido a las persistentes barreras que se siguen anteponiendo al ejercicio del derecho a ser incluido y nos ser discriminado en las escuelas, Patricia Germ\u00e1n y Roberto Romero aportan un puente, una v\u00eda para transitar de esa utop\u00eda discursiva que escuchamos en todos los foros sobre inclusi\u00f3n, el pleno disfrute de tales condiciones: aceptaci\u00f3n, pertenencia y apego escolar.<\/p>\n<p>Un ramillete de \u201cc\u00f3mos\u201d para alcanzar y construir aquello que est\u00e1 ya en el papel, pero ha costado generaciones y generaciones de indiferencia y negligencia en la vida escolar. Esto debe cambiar y es urgente hacerlo.<\/p>\n<p>acomp\u00e1\u00f1enos, maestro, maestra, directivo, personal de apoyo, padre de familia, por este recorrido y apr\u00f3piate de la caja de herramientas para garantizar en toda su extensi\u00f3n la inclusi\u00f3n en su escuela. Del discurso a la operatividad.<\/p>\n","protected":false},"excerpt":{"rendered":"<p>Autor(es): Patricia Germ\u00e1n, Roberto Romero<br \/>\nISBN: 978-607-9301-16-3<br \/>\n2a ed., julio de 2015<\/p>\n<p>A\u00fan cuando han pasado m\u00e1s de veinte a\u00f1os de las declaraciones que pugnan por el derecho a la inclusi\u00f3n -como la declaraci\u00f3n de Salamanca, UNESCO 1994- hablar de<\/p>\n","protected":false},"featured_media":131,"comment_status":"open","ping_status":"closed","template":"","meta":[],"product_brand":[],"product_cat":[88],"product_tag":[25],"class_list":{"0":"post-132","1":"product","2":"type-product","3":"status-publish","4":"has-post-thumbnail","6":"product_cat-libro-digital","7":"product_tag-inclusion-en-la-escuela","9":"first","10":"instock","11":"downloadable","12":"shipping-taxable","13":"purchasable","14":"product-type-simple"},"_links":{"self":[{"href":"https:\/\/ciecicapacita.com.mx\/ciecieditorial\/wp-json\/wp\/v2\/product\/132","targetHints":{"allow":["GET"]}}],"collection":[{"href":"https:\/\/ciecicapacita.com.mx\/ciecieditorial\/wp-json\/wp\/v2\/product"}],"about":[{"href":"https:\/\/ciecicapacita.com.mx\/ciecieditorial\/wp-json\/wp\/v2\/types\/product"}],"replies":[{"embeddable":true,"href":"https:\/\/ciecicapacita.com.mx\/ciecieditorial\/wp-json\/wp\/v2\/comments?post=132"}],"wp:featuredmedia":[{"embeddable":true,"href":"https:\/\/ciecicapacita.com.mx\/ciecieditorial\/wp-json\/wp\/v2\/media\/131"}],"wp:attachment":[{"href":"https:\/\/ciecicapacita.com.mx\/ciecieditorial\/wp-json\/wp\/v2\/media?parent=132"}],"wp:term":[{"taxonomy":"product_brand","embeddable":true,"href":"https:\/\/ciecicapacita.com.mx\/ciecieditorial\/wp-json\/wp\/v2\/product_brand?post=132"},{"taxonomy":"product_cat","embeddable":true,"href":"https:\/\/ciecicapacita.com.mx\/ciecieditorial\/wp-json\/wp\/v2\/product_cat?post=132"},{"taxonomy":"product_tag","embeddable":true,"href":"https:\/\/ciecicapacita.com.mx\/ciecieditorial\/wp-json\/wp\/v2\/product_tag?post=132"}],"curies":[{"name":"wp","href":"https:\/\/api.w.org\/{rel}","templated":true}]}}