{"id":136,"date":"2026-03-07T06:47:31","date_gmt":"2026-03-07T06:47:31","guid":{"rendered":"https:\/\/ciecicapacita.com.mx\/ciecieditorial\/producto\/metodologia-para-el-diseno-de-ambientes-virtuales-de-aprendizaje\/"},"modified":"2026-03-18T22:30:13","modified_gmt":"2026-03-18T22:30:13","slug":"metodologia-para-el-diseno-de-ambientes-virtuales-de-aprendizaje","status":"publish","type":"product","link":"https:\/\/ciecicapacita.com.mx\/ciecieditorial\/producto\/metodologia-para-el-diseno-de-ambientes-virtuales-de-aprendizaje\/","title":{"rendered":"Metodolog\u00eda para el dise\u00f1o de ambientes virtuales de aprendizaje"},"content":{"rendered":"<p>Autor(es): Jos\u00e9 Guillermo Marreros, Helga PAtricia Frola Ruiz, Jos\u00e9 de Jes\u00fas Vel\u00e1squez Navarro<br \/>\nISBN: 978-607-97699-5-6<\/p>\n<p>Este Hyperlibro, Metodolog\u00eda para el Dise\u00f1o de Ambientes Virtuales de Aprendizaje. Transitando de la Educaci\u00f3n Modalidad Presencial hacia la Educaci\u00f3n H\u00edbrida, es un producto de experiencias que se han puesto en ejercicio por profesores de todos los niveles educativos, de orden p\u00fablico y privado, as\u00ed como de diferentes escuelas a nivel nacional. Ahora, compartir esas experiencias a trav\u00e9s de la capitalizaci\u00f3n de una metodolog\u00eda de dise\u00f1o instruccional en nueve momentos a trav\u00e9s de GOOGLE CLASSROOM, es el objetivo, para poner en pr\u00e1ctica en escenarios reales y presentes de la escuela del siglo XXI.<\/p>\n","protected":false},"excerpt":{"rendered":"<p>Autor(es): Jos\u00e9 Guillermo Marreros, Helga PAtricia Frola Ruiz, Jos\u00e9 de Jes\u00fas Vel\u00e1squez Navarro<br \/>\nISBN: 978-607-97699-5-6<\/p>\n<p>Este Hyperlibro, Metodolog\u00eda para el Dise\u00f1o de Ambientes Virtuales de Aprendizaje. Transitando de la Educaci\u00f3n Modalidad Presencia<\/p>\n","protected":false},"featured_media":135,"comment_status":"open","ping_status":"closed","template":"","meta":[],"product_brand":[],"product_cat":[88],"product_tag":[28,29,30,31,32],"class_list":{"0":"post-136","1":"product","2":"type-product","3":"status-publish","4":"has-post-thumbnail","6":"product_cat-libro-digital","7":"product_tag-ambientes-de-aprendizaje","8":"product_tag-ambientes-hibridos","9":"product_tag-ambientes-virtuales","10":"product_tag-diseno-de-ambientes","11":"product_tag-metodologia-educativa","13":"first","14":"instock","15":"downloadable","16":"shipping-taxable","17":"purchasable","18":"product-type-simple"},"_links":{"self":[{"href":"https:\/\/ciecicapacita.com.mx\/ciecieditorial\/wp-json\/wp\/v2\/product\/136","targetHints":{"allow":["GET"]}}],"collection":[{"href":"https:\/\/ciecicapacita.com.mx\/ciecieditorial\/wp-json\/wp\/v2\/product"}],"about":[{"href":"https:\/\/ciecicapacita.com.mx\/ciecieditorial\/wp-json\/wp\/v2\/types\/product"}],"replies":[{"embeddable":true,"href":"https:\/\/ciecicapacita.com.mx\/ciecieditorial\/wp-json\/wp\/v2\/comments?post=136"}],"wp:featuredmedia":[{"embeddable":true,"href":"https:\/\/ciecicapacita.com.mx\/ciecieditorial\/wp-json\/wp\/v2\/media\/135"}],"wp:attachment":[{"href":"https:\/\/ciecicapacita.com.mx\/ciecieditorial\/wp-json\/wp\/v2\/media?parent=136"}],"wp:term":[{"taxonomy":"product_brand","embeddable":true,"href":"https:\/\/ciecicapacita.com.mx\/ciecieditorial\/wp-json\/wp\/v2\/product_brand?post=136"},{"taxonomy":"product_cat","embeddable":true,"href":"https:\/\/ciecicapacita.com.mx\/ciecieditorial\/wp-json\/wp\/v2\/product_cat?post=136"},{"taxonomy":"product_tag","embeddable":true,"href":"https:\/\/ciecicapacita.com.mx\/ciecieditorial\/wp-json\/wp\/v2\/product_tag?post=136"}],"curies":[{"name":"wp","href":"https:\/\/api.w.org\/{rel}","templated":true}]}}