{"id":138,"date":"2026-03-07T06:47:32","date_gmt":"2026-03-07T06:47:32","guid":{"rendered":"https:\/\/ciecicapacita.com.mx\/ciecieditorial\/producto\/por-ser-asi\/"},"modified":"2026-03-18T22:34:40","modified_gmt":"2026-03-18T22:34:40","slug":"por-ser-asi","status":"publish","type":"product","link":"https:\/\/ciecicapacita.com.mx\/ciecieditorial\/producto\/por-ser-asi\/","title":{"rendered":"Por ser as\u00ed\u2026"},"content":{"rendered":"<p>Autor(es): Yolanda Santill\u00e1n Ch\u00e1vez<br \/>\nISBN: 978-607-9301-14-9<br \/>\n1a. ed., septiembre de 2014<\/p>\n<p>Aprend\u00ed que no se necesita ser rudo con uno mismo para cambiar y mucho menos permitirle a otra persona que para provocar el cambio utilice el maltrato, la amenaza, el rega\u00f1o o la confrontaci\u00f3n irresponsable. Experiment\u00e9 favorablemente el responsabilizarme primero de mi misma, despu\u00e9s de mis palabras, de mis acciones, a disfrutar el presente y a planear mi futuro.<\/p>\n<p>\u00c9sta obra tiene como finalidad la autoexploraci\u00f3n para que el lector saque sus propias conclusiones. Se habla de la persona y su estima, de las pautas de conducta y finalmente del proyecto de vida.<\/p>\n","protected":false},"excerpt":{"rendered":"<p>Autor(es): Yolanda Santill\u00e1n Ch\u00e1vez<br \/>\nISBN: 978-607-9301-14-9<br \/>\n1a. ed., septiembre de 2014<\/p>\n<p>Aprend\u00ed que no se necesita ser rudo con uno mismo para cambiar y mucho menos permitirle a otra persona que para provocar el cambio utilice el maltrato, la amenaz<\/p>\n","protected":false},"featured_media":137,"comment_status":"open","ping_status":"closed","template":"","meta":[],"product_brand":[],"product_cat":[88],"product_tag":[],"class_list":{"0":"post-138","1":"product","2":"type-product","3":"status-publish","4":"has-post-thumbnail","6":"product_cat-libro-digital","8":"first","9":"instock","10":"downloadable","11":"shipping-taxable","12":"purchasable","13":"product-type-simple"},"_links":{"self":[{"href":"https:\/\/ciecicapacita.com.mx\/ciecieditorial\/wp-json\/wp\/v2\/product\/138","targetHints":{"allow":["GET"]}}],"collection":[{"href":"https:\/\/ciecicapacita.com.mx\/ciecieditorial\/wp-json\/wp\/v2\/product"}],"about":[{"href":"https:\/\/ciecicapacita.com.mx\/ciecieditorial\/wp-json\/wp\/v2\/types\/product"}],"replies":[{"embeddable":true,"href":"https:\/\/ciecicapacita.com.mx\/ciecieditorial\/wp-json\/wp\/v2\/comments?post=138"}],"wp:featuredmedia":[{"embeddable":true,"href":"https:\/\/ciecicapacita.com.mx\/ciecieditorial\/wp-json\/wp\/v2\/media\/137"}],"wp:attachment":[{"href":"https:\/\/ciecicapacita.com.mx\/ciecieditorial\/wp-json\/wp\/v2\/media?parent=138"}],"wp:term":[{"taxonomy":"product_brand","embeddable":true,"href":"https:\/\/ciecicapacita.com.mx\/ciecieditorial\/wp-json\/wp\/v2\/product_brand?post=138"},{"taxonomy":"product_cat","embeddable":true,"href":"https:\/\/ciecicapacita.com.mx\/ciecieditorial\/wp-json\/wp\/v2\/product_cat?post=138"},{"taxonomy":"product_tag","embeddable":true,"href":"https:\/\/ciecicapacita.com.mx\/ciecieditorial\/wp-json\/wp\/v2\/product_tag?post=138"}],"curies":[{"name":"wp","href":"https:\/\/api.w.org\/{rel}","templated":true}]}}