{"id":140,"date":"2026-03-07T06:47:33","date_gmt":"2026-03-07T06:47:33","guid":{"rendered":"https:\/\/ciecicapacita.com.mx\/ciecieditorial\/producto\/recomendaciones-para-enfrentar-examenes-de-opcion-multiple\/"},"modified":"2026-04-14T02:32:22","modified_gmt":"2026-04-14T02:32:22","slug":"recomendaciones-para-enfrentar-examenes-de-opcion-multiple","status":"publish","type":"product","link":"https:\/\/ciecicapacita.com.mx\/ciecieditorial\/producto\/recomendaciones-para-enfrentar-examenes-de-opcion-multiple\/","title":{"rendered":"Recomendaciones para enfrentar Ex\u00e1menes de Opci\u00f3n M\u00faltiple"},"content":{"rendered":"<p style=\"text-align: right;\">Autor(es): Helga Patricia Frola Ruiz, Jos\u00e9 de Jes\u00fas Vel\u00e1squez Navarro<\/p>\n<p>Ante la vertiginosa velocidad con la que cambia el mundo y la necesidad de adaptaci\u00f3n a esos cambios de los sistemas educativos de cada pa\u00eds, se hace cada vez m\u00e1s necesario replantear y replantearnos las funciones, las v\u00edas y las formas en que intervienen todos los actores de la escena educativa a fin de dar una respuesta congruente y satisfactoria para el porvenir.<\/p>\n<p>El educador en este marco de exigencias, ahora debe cubrir un perfil y ciertos par\u00e1metros e indicadores que inevitablemente convulsionan y ponen en \u201cla cuerda floja\u201d su estatus, sus competencias y toda su pericia, y entre esos cambios, uno de los m\u00e1s notables es que la\u00a0 figura del educador est\u00e1 transitando de ser un sujeto \u201cevaluador del aprendizaje\u201d de sus estudiantes, a ser un sujeto susceptible de evaluaci\u00f3n.<\/p>\n<p>El libro que ahora sostiene en sus manos, le dar\u00e1 algo mejor que el tener todas las respuestas a las pruebas de opci\u00f3n m\u00faltiple, le permitir\u00e1 entender la l\u00f3gica, metodolog\u00eda y est\u00e1ndares de quienes dise\u00f1an los reactivos y en consecuencia, los ubicar\u00e1 a la delantera de quienes desconocen esta informaci\u00f3n.<\/p>\n","protected":false},"excerpt":{"rendered":"<p>Autor(es): Helga Patricia Frola Ruiz, Jos\u00e9 de Jes\u00fas Vel\u00e1squez Navarro<\/p>\n<p>Ante la vertiginosa velocidad con la que cambia el mundo y la necesidad de adaptaci\u00f3n a esos cambios de los sistemas educativos de cada pa\u00eds, se hace cada vez m\u00e1s necesario replan<\/p>\n","protected":false},"featured_media":139,"comment_status":"open","ping_status":"closed","template":"","meta":[],"product_brand":[],"product_cat":[88],"product_tag":[33],"class_list":{"0":"post-140","1":"product","2":"type-product","3":"status-publish","4":"has-post-thumbnail","6":"product_cat-libro-digital","7":"product_tag-examenes-de-opcion-multiple","9":"first","10":"instock","11":"sale","12":"downloadable","13":"shipping-taxable","14":"purchasable","15":"product-type-simple"},"_links":{"self":[{"href":"https:\/\/ciecicapacita.com.mx\/ciecieditorial\/wp-json\/wp\/v2\/product\/140","targetHints":{"allow":["GET"]}}],"collection":[{"href":"https:\/\/ciecicapacita.com.mx\/ciecieditorial\/wp-json\/wp\/v2\/product"}],"about":[{"href":"https:\/\/ciecicapacita.com.mx\/ciecieditorial\/wp-json\/wp\/v2\/types\/product"}],"replies":[{"embeddable":true,"href":"https:\/\/ciecicapacita.com.mx\/ciecieditorial\/wp-json\/wp\/v2\/comments?post=140"}],"wp:featuredmedia":[{"embeddable":true,"href":"https:\/\/ciecicapacita.com.mx\/ciecieditorial\/wp-json\/wp\/v2\/media\/139"}],"wp:attachment":[{"href":"https:\/\/ciecicapacita.com.mx\/ciecieditorial\/wp-json\/wp\/v2\/media?parent=140"}],"wp:term":[{"taxonomy":"product_brand","embeddable":true,"href":"https:\/\/ciecicapacita.com.mx\/ciecieditorial\/wp-json\/wp\/v2\/product_brand?post=140"},{"taxonomy":"product_cat","embeddable":true,"href":"https:\/\/ciecicapacita.com.mx\/ciecieditorial\/wp-json\/wp\/v2\/product_cat?post=140"},{"taxonomy":"product_tag","embeddable":true,"href":"https:\/\/ciecicapacita.com.mx\/ciecieditorial\/wp-json\/wp\/v2\/product_tag?post=140"}],"curies":[{"name":"wp","href":"https:\/\/api.w.org\/{rel}","templated":true}]}}