{"id":161,"date":"2026-03-07T06:47:42","date_gmt":"2026-03-07T06:47:42","guid":{"rendered":"https:\/\/ciecicapacita.com.mx\/ciecieditorial\/producto\/el-papel-del-supervisor-en-el-marco-de-la-autonomia-de-gestion\/"},"modified":"2026-03-18T21:12:56","modified_gmt":"2026-03-18T21:12:56","slug":"el-papel-del-supervisor-en-el-marco-de-la-autonomia-de-gestion","status":"publish","type":"product","link":"https:\/\/ciecicapacita.com.mx\/ciecieditorial\/producto\/el-papel-del-supervisor-en-el-marco-de-la-autonomia-de-gestion\/","title":{"rendered":"El Papel del Supervisor en el Marco de la Autonom\u00eda de Gesti\u00f3n"},"content":{"rendered":"<p>En esta obra hemos logrado amalgamar la experiencia de trabajo con docentes durante m\u00e1s de 24 a\u00f1os y la vanguardia educativa para ofrecer con gran calidad y precisi\u00f3n metodol\u00f3gica, 12 tareas que van dando calidad y claridad a los productos educativos , los cuales van a derivar en mejores resultados de aprendizaje y el logro de la idoneidad en la evoluci\u00f3n docente.<\/p>\n<p>Est4e material se complementa con otros recursos digitales, bibliogr\u00e1ficos, en video, entre otros, que fortalecen las pr\u00e1cticas educativas.<\/p>\n","protected":false},"excerpt":{"rendered":"<p>En esta obra hemos logrado amalgamar la experiencia de trabajo con docentes durante m\u00e1s de 24 a\u00f1os y la vanguardia educativa para ofrecer con gran calidad y precisi\u00f3n metodol\u00f3gica, 12 tareas que van dando calidad y claridad a los productos educativos<\/p>\n","protected":false},"featured_media":160,"comment_status":"open","ping_status":"closed","template":"","meta":[],"product_brand":[],"product_cat":[88],"product_tag":[],"class_list":{"0":"post-161","1":"product","2":"type-product","3":"status-publish","4":"has-post-thumbnail","6":"product_cat-libro-digital","8":"first","9":"instock","10":"downloadable","11":"shipping-taxable","12":"purchasable","13":"product-type-simple"},"_links":{"self":[{"href":"https:\/\/ciecicapacita.com.mx\/ciecieditorial\/wp-json\/wp\/v2\/product\/161","targetHints":{"allow":["GET"]}}],"collection":[{"href":"https:\/\/ciecicapacita.com.mx\/ciecieditorial\/wp-json\/wp\/v2\/product"}],"about":[{"href":"https:\/\/ciecicapacita.com.mx\/ciecieditorial\/wp-json\/wp\/v2\/types\/product"}],"replies":[{"embeddable":true,"href":"https:\/\/ciecicapacita.com.mx\/ciecieditorial\/wp-json\/wp\/v2\/comments?post=161"}],"wp:featuredmedia":[{"embeddable":true,"href":"https:\/\/ciecicapacita.com.mx\/ciecieditorial\/wp-json\/wp\/v2\/media\/160"}],"wp:attachment":[{"href":"https:\/\/ciecicapacita.com.mx\/ciecieditorial\/wp-json\/wp\/v2\/media?parent=161"}],"wp:term":[{"taxonomy":"product_brand","embeddable":true,"href":"https:\/\/ciecicapacita.com.mx\/ciecieditorial\/wp-json\/wp\/v2\/product_brand?post=161"},{"taxonomy":"product_cat","embeddable":true,"href":"https:\/\/ciecicapacita.com.mx\/ciecieditorial\/wp-json\/wp\/v2\/product_cat?post=161"},{"taxonomy":"product_tag","embeddable":true,"href":"https:\/\/ciecicapacita.com.mx\/ciecieditorial\/wp-json\/wp\/v2\/product_tag?post=161"}],"curies":[{"name":"wp","href":"https:\/\/api.w.org\/{rel}","templated":true}]}}