{"id":173,"date":"2026-03-07T06:48:02","date_gmt":"2026-03-07T06:48:02","guid":{"rendered":"https:\/\/ciecicapacita.com.mx\/ciecieditorial\/producto\/la-evaluacion-del-desempeno-en-el-contexto-educativo\/"},"modified":"2026-03-18T22:25:02","modified_gmt":"2026-03-18T22:25:02","slug":"la-evaluacion-del-desempeno-en-el-contexto-educativo","status":"publish","type":"product","link":"https:\/\/ciecicapacita.com.mx\/ciecieditorial\/producto\/la-evaluacion-del-desempeno-en-el-contexto-educativo\/","title":{"rendered":"La Evaluaci\u00f3n del Desempe\u00f1o en el Contexto Educativo"},"content":{"rendered":"<p>La educaci\u00f3n del desempe\u00f1o es una evaluaci\u00f3n integral que verifica la forma en que los individuos movilizan sus conocimientos, demuestran sus habilidades y ponen en juego sus actitudes. En el \u00e1mbito educativo est\u00e1 tomando fuerza esta modalidad al emitir juicios de valor debido a que se eval\u00faa al individuo completo y en un contexto que exige.<\/p>\n<p>Evaluar desempe\u00f1os requiere de condiciones especiales en donde adem\u00e1s de los instrumentos id\u00f3neos se requiere una adecuad preparaci\u00f3n del evaluador y sistematizaci\u00f3n de los procesos, las reglas del juego adem\u00e1s deben ser claras y transparentes. Todo lo anterior se aborda con profundidad y detalle en la presente obra, la cual esta planteada como un manual pr\u00e1ctico a fin de que quienes deseen aprender del tema puedan hacerlo a trav\u00e9s de la experiencia adquirida de los autores en ese campo.<\/p>\n<p>El libro explica paso a paso como redactar indicadores de evaluaci\u00f3n, la forma de validarlos, y la forma de elaborar herramientas de calificaci\u00f3n, tales como: listas de cotejo, escalas estimativas y r\u00fabricas, enunciando en cada una sus ventajas, desventajas y caracter\u00edsticas distintivas a fin de orientar al lector para que tome las decisiones m\u00e1s adecuadas.<\/p>\n","protected":false},"excerpt":{"rendered":"<p>La educaci\u00f3n del desempe\u00f1o es una evaluaci\u00f3n integral que verifica la forma en que los individuos movilizan sus conocimientos, demuestran sus habilidades y ponen en juego sus actitudes. En el \u00e1mbito educativo est\u00e1 tomando fuerza esta modalidad al emi<\/p>\n","protected":false},"featured_media":172,"comment_status":"open","ping_status":"closed","template":"","meta":[],"product_brand":[],"product_cat":[88],"product_tag":[],"class_list":{"0":"post-173","1":"product","2":"type-product","3":"status-publish","4":"has-post-thumbnail","6":"product_cat-libro-digital","8":"first","9":"instock","10":"downloadable","11":"shipping-taxable","12":"purchasable","13":"product-type-simple"},"_links":{"self":[{"href":"https:\/\/ciecicapacita.com.mx\/ciecieditorial\/wp-json\/wp\/v2\/product\/173","targetHints":{"allow":["GET"]}}],"collection":[{"href":"https:\/\/ciecicapacita.com.mx\/ciecieditorial\/wp-json\/wp\/v2\/product"}],"about":[{"href":"https:\/\/ciecicapacita.com.mx\/ciecieditorial\/wp-json\/wp\/v2\/types\/product"}],"replies":[{"embeddable":true,"href":"https:\/\/ciecicapacita.com.mx\/ciecieditorial\/wp-json\/wp\/v2\/comments?post=173"}],"wp:featuredmedia":[{"embeddable":true,"href":"https:\/\/ciecicapacita.com.mx\/ciecieditorial\/wp-json\/wp\/v2\/media\/172"}],"wp:attachment":[{"href":"https:\/\/ciecicapacita.com.mx\/ciecieditorial\/wp-json\/wp\/v2\/media?parent=173"}],"wp:term":[{"taxonomy":"product_brand","embeddable":true,"href":"https:\/\/ciecicapacita.com.mx\/ciecieditorial\/wp-json\/wp\/v2\/product_brand?post=173"},{"taxonomy":"product_cat","embeddable":true,"href":"https:\/\/ciecicapacita.com.mx\/ciecieditorial\/wp-json\/wp\/v2\/product_cat?post=173"},{"taxonomy":"product_tag","embeddable":true,"href":"https:\/\/ciecicapacita.com.mx\/ciecieditorial\/wp-json\/wp\/v2\/product_tag?post=173"}],"curies":[{"name":"wp","href":"https:\/\/api.w.org\/{rel}","templated":true}]}}