{"id":180,"date":"2026-03-07T06:48:08","date_gmt":"2026-03-07T06:48:08","guid":{"rendered":"https:\/\/ciecicapacita.com.mx\/ciecieditorial\/producto\/miradas-prospectivas-de-la-educacion-vol-ii-vallarta-2015\/"},"modified":"2026-03-18T22:33:26","modified_gmt":"2026-03-18T22:33:26","slug":"miradas-prospectivas-de-la-educacion-vol-ii-vallarta-2015","status":"publish","type":"product","link":"https:\/\/ciecicapacita.com.mx\/ciecieditorial\/producto\/miradas-prospectivas-de-la-educacion-vol-ii-vallarta-2015\/","title":{"rendered":"Miradas Prospectivas de la Educaci\u00f3n, Vol. II (Vallarta 2015)"},"content":{"rendered":"<p>En educaci\u00f3n, el mejor laboratorio es el aula, las experiencias documentadas son el mejor testimonio de las historias de \u00e9xito que se van escribiendo d\u00eda con d\u00eda en las instituciones educativas, lamentablemente mucha de la riqueza metodol\u00f3gica de lo que ocurre en las escuelas queda en el anonimato y acaba sepultada en el olvido y el recuerdo de los protagonistas sin que trascienda m\u00e1s all\u00e1 de los l\u00edmites personales, \u00e1ulicos o institucionales.<\/p>\n<p>Estamos convencidos de que lo m\u00e1s importante de la educaci\u00f3n sucede en el aula, y que los grandes protagonistas de las grandes acciones en materia educativa son los docentes, gracias a la convicci\u00f3n, hemos tomado la decisi\u00f3n de apoyar a los cientos de maestros que est\u00e1n dispuestos a difundir y compartir esa valiosa experiencia con otros colegas quienes seguramente se sentir\u00e1n identificados con las historias de \u00e9xito de otros y que junto con las vivencias propias enriquecer\u00e1n lo que han hecho provocando con ello un espiral ascendente cuyo centro ser\u00e1n las buenas pr\u00e1cticas.<\/p>\n","protected":false},"excerpt":{"rendered":"<p>En educaci\u00f3n, el mejor laboratorio es el aula, las experiencias documentadas son el mejor testimonio de las historias de \u00e9xito que se van escribiendo d\u00eda con d\u00eda en las instituciones educativas, lamentablemente mucha de la riqueza metodol\u00f3gica de lo<\/p>\n","protected":false},"featured_media":179,"comment_status":"open","ping_status":"closed","template":"","meta":[],"product_brand":[],"product_cat":[88],"product_tag":[],"class_list":{"0":"post-180","1":"product","2":"type-product","3":"status-publish","4":"has-post-thumbnail","6":"product_cat-libro-digital","8":"first","9":"instock","10":"downloadable","11":"shipping-taxable","12":"purchasable","13":"product-type-simple"},"_links":{"self":[{"href":"https:\/\/ciecicapacita.com.mx\/ciecieditorial\/wp-json\/wp\/v2\/product\/180","targetHints":{"allow":["GET"]}}],"collection":[{"href":"https:\/\/ciecicapacita.com.mx\/ciecieditorial\/wp-json\/wp\/v2\/product"}],"about":[{"href":"https:\/\/ciecicapacita.com.mx\/ciecieditorial\/wp-json\/wp\/v2\/types\/product"}],"replies":[{"embeddable":true,"href":"https:\/\/ciecicapacita.com.mx\/ciecieditorial\/wp-json\/wp\/v2\/comments?post=180"}],"wp:featuredmedia":[{"embeddable":true,"href":"https:\/\/ciecicapacita.com.mx\/ciecieditorial\/wp-json\/wp\/v2\/media\/179"}],"wp:attachment":[{"href":"https:\/\/ciecicapacita.com.mx\/ciecieditorial\/wp-json\/wp\/v2\/media?parent=180"}],"wp:term":[{"taxonomy":"product_brand","embeddable":true,"href":"https:\/\/ciecicapacita.com.mx\/ciecieditorial\/wp-json\/wp\/v2\/product_brand?post=180"},{"taxonomy":"product_cat","embeddable":true,"href":"https:\/\/ciecicapacita.com.mx\/ciecieditorial\/wp-json\/wp\/v2\/product_cat?post=180"},{"taxonomy":"product_tag","embeddable":true,"href":"https:\/\/ciecicapacita.com.mx\/ciecieditorial\/wp-json\/wp\/v2\/product_tag?post=180"}],"curies":[{"name":"wp","href":"https:\/\/api.w.org\/{rel}","templated":true}]}}