{"id":202,"date":"2026-03-07T06:49:32","date_gmt":"2026-03-07T06:49:32","guid":{"rendered":"https:\/\/ciecicapacita.com.mx\/ciecieditorial\/producto\/mindfulness-el-equilibrio-mente-cuerpo-psique-de-las-y-los-ninos-en-la-escuela\/"},"modified":"2026-03-18T23:07:03","modified_gmt":"2026-03-18T23:07:03","slug":"mindfulness-el-equilibrio-mente-cuerpo-psique-de-las-y-los-ninos-en-la-escuela","status":"publish","type":"product","link":"https:\/\/ciecicapacita.com.mx\/ciecieditorial\/producto\/mindfulness-el-equilibrio-mente-cuerpo-psique-de-las-y-los-ninos-en-la-escuela\/","title":{"rendered":"Mindfulness. El equilibrio mente, cuerpo, psique de las y los ni\u00f1os en la escuela"},"content":{"rendered":"<p>Tras la pandemia, surgieron en numerosas ideas para volver a la normalidad, para\u00a0 \u00a0dejar de sentir el miedo a enfermarse y morir,\u00a0 se gestaron en los diferentes escenarios de la vida cotidiana, propuestas para equilibrar de nuevo a la poblaci\u00f3n del mundo. En el sector educativo se empezaron a fortalecer, las t\u00e9cnicas de equilibro y gesti\u00f3n de emociones alternativas, algunas cuyo origen se ubica en la filosof\u00eda Zen y otras derivaciones de la meditaci\u00f3n y relajaci\u00f3n para ni\u00f1os. Esta obra pretende estar a la altura de tales innovaciones, aportando v\u00eda y formas l\u00fadicas y divertidas para promover estados m\u00e1s placenteros y de menos tensi\u00f3n entre los estudiantes, que les haga m\u00e1s llevadero el retorno a una \u201cnueva normalidad\u201d El Mindfullnes tiene ese gran potencial para detonar en las y los ni\u00f1os estados m\u00e1s equilibrados y serenos que favorecen su aprendizaje y buena actitud frente a la vida. Esta obra muestra el paso a paso y la fundamentaci\u00f3n pedag\u00f3gica para incluir en el trabajo cotidiano de las escuelas alguna t\u00e9cnicas, juegos y habilidades del MINDFULLNES. Los educandos van a incrementar sus habilidades para no perder la cabeza aun en situaciones extra-ordinarias y relajarse y tomar conciencia ante su propio destino<\/p>\n","protected":false},"excerpt":{"rendered":"<p>Tras la pandemia, surgieron en numerosas ideas para volver a la normalidad, para\u00a0 \u00a0dejar de sentir el miedo a enfermarse y morir,\u00a0 se gestaron en los diferentes escenarios de la vida cotidiana, propuestas para equilibrar de nuevo a la poblaci\u00f3n del m<\/p>\n","protected":false},"featured_media":201,"comment_status":"open","ping_status":"closed","template":"","meta":[],"product_brand":[],"product_cat":[92],"product_tag":[],"class_list":{"0":"post-202","1":"product","2":"type-product","3":"status-publish","4":"has-post-thumbnail","6":"product_cat-e-books","8":"first","9":"instock","10":"downloadable","11":"shipping-taxable","12":"purchasable","13":"product-type-simple"},"_links":{"self":[{"href":"https:\/\/ciecicapacita.com.mx\/ciecieditorial\/wp-json\/wp\/v2\/product\/202","targetHints":{"allow":["GET"]}}],"collection":[{"href":"https:\/\/ciecicapacita.com.mx\/ciecieditorial\/wp-json\/wp\/v2\/product"}],"about":[{"href":"https:\/\/ciecicapacita.com.mx\/ciecieditorial\/wp-json\/wp\/v2\/types\/product"}],"replies":[{"embeddable":true,"href":"https:\/\/ciecicapacita.com.mx\/ciecieditorial\/wp-json\/wp\/v2\/comments?post=202"}],"wp:featuredmedia":[{"embeddable":true,"href":"https:\/\/ciecicapacita.com.mx\/ciecieditorial\/wp-json\/wp\/v2\/media\/201"}],"wp:attachment":[{"href":"https:\/\/ciecicapacita.com.mx\/ciecieditorial\/wp-json\/wp\/v2\/media?parent=202"}],"wp:term":[{"taxonomy":"product_brand","embeddable":true,"href":"https:\/\/ciecicapacita.com.mx\/ciecieditorial\/wp-json\/wp\/v2\/product_brand?post=202"},{"taxonomy":"product_cat","embeddable":true,"href":"https:\/\/ciecicapacita.com.mx\/ciecieditorial\/wp-json\/wp\/v2\/product_cat?post=202"},{"taxonomy":"product_tag","embeddable":true,"href":"https:\/\/ciecicapacita.com.mx\/ciecieditorial\/wp-json\/wp\/v2\/product_tag?post=202"}],"curies":[{"name":"wp","href":"https:\/\/api.w.org\/{rel}","templated":true}]}}