{"id":231,"date":"2026-03-07T06:52:50","date_gmt":"2026-03-07T06:52:50","guid":{"rendered":"https:\/\/ciecicapacita.com.mx\/ciecieditorial\/producto\/educando-a-jacob\/"},"modified":"2026-03-18T21:05:46","modified_gmt":"2026-03-18T21:05:46","slug":"educando-a-jacob","status":"publish","type":"product","link":"https:\/\/ciecicapacita.com.mx\/ciecieditorial\/producto\/educando-a-jacob\/","title":{"rendered":"Educando a Jacob"},"content":{"rendered":"<p>Educando a Jacob es un interesante relato novelado que narra las tribulaciones de un maestro que vivi\u00f3 en carne propia las circunstancias m\u00e1s adversas para el desarrollo de su labor; la indiferencia y el rechazo de los alumnos, la indolencia de sus colegas, el desinter\u00e9s de las autoridades y la exigencia a veces obsesiva de los padres de familia. Sin embargo, pese a todo, convirti\u00f3 la situaci\u00f3n en un reto profesional que le brind\u00f3 valiosos aprendizajes que hoy nos comparte entre las l\u00edneas de cada cap\u00edtulo.<\/p>\n<p>Educando a Jacob tiene una redacci\u00f3n amena pero profunda, y combina la belleza de la expresi\u00f3n sencilla con la complejidad de los planteamientos metodol\u00f3gicos, haciendo de \u00e9ste un texto recomendable para los estudiantes que se est\u00e1n formando, para los docentes en servicio, para los padres de familia y para el p\u00fablico en general.<\/p>\n","protected":false},"excerpt":{"rendered":"<p>Educando a Jacob es un interesante relato novelado que narra las tribulaciones de un maestro que vivi\u00f3 en carne propia las circunstancias m\u00e1s adversas para el desarrollo de su labor; la indiferencia y el rechazo de los alumnos, la indolencia de sus c<\/p>\n","protected":false},"featured_media":230,"comment_status":"open","ping_status":"closed","template":"","meta":[],"product_brand":[],"product_cat":[92],"product_tag":[],"class_list":{"0":"post-231","1":"product","2":"type-product","3":"status-publish","4":"has-post-thumbnail","6":"product_cat-e-books","8":"first","9":"instock","10":"downloadable","11":"shipping-taxable","12":"purchasable","13":"product-type-simple"},"_links":{"self":[{"href":"https:\/\/ciecicapacita.com.mx\/ciecieditorial\/wp-json\/wp\/v2\/product\/231","targetHints":{"allow":["GET"]}}],"collection":[{"href":"https:\/\/ciecicapacita.com.mx\/ciecieditorial\/wp-json\/wp\/v2\/product"}],"about":[{"href":"https:\/\/ciecicapacita.com.mx\/ciecieditorial\/wp-json\/wp\/v2\/types\/product"}],"replies":[{"embeddable":true,"href":"https:\/\/ciecicapacita.com.mx\/ciecieditorial\/wp-json\/wp\/v2\/comments?post=231"}],"wp:featuredmedia":[{"embeddable":true,"href":"https:\/\/ciecicapacita.com.mx\/ciecieditorial\/wp-json\/wp\/v2\/media\/230"}],"wp:attachment":[{"href":"https:\/\/ciecicapacita.com.mx\/ciecieditorial\/wp-json\/wp\/v2\/media?parent=231"}],"wp:term":[{"taxonomy":"product_brand","embeddable":true,"href":"https:\/\/ciecicapacita.com.mx\/ciecieditorial\/wp-json\/wp\/v2\/product_brand?post=231"},{"taxonomy":"product_cat","embeddable":true,"href":"https:\/\/ciecicapacita.com.mx\/ciecieditorial\/wp-json\/wp\/v2\/product_cat?post=231"},{"taxonomy":"product_tag","embeddable":true,"href":"https:\/\/ciecicapacita.com.mx\/ciecieditorial\/wp-json\/wp\/v2\/product_tag?post=231"}],"curies":[{"name":"wp","href":"https:\/\/api.w.org\/{rel}","templated":true}]}}