{"id":253,"date":"2026-03-07T06:56:06","date_gmt":"2026-03-07T06:56:06","guid":{"rendered":"https:\/\/ciecicapacita.com.mx\/ciecieditorial\/producto\/aprendizaje-situacional-autorregulado-y-cooperativo\/"},"modified":"2026-03-18T19:28:45","modified_gmt":"2026-03-18T19:28:45","slug":"aprendizaje-situacional-autorregulado-y-cooperativo","status":"publish","type":"product","link":"https:\/\/ciecicapacita.com.mx\/ciecieditorial\/producto\/aprendizaje-situacional-autorregulado-y-cooperativo\/","title":{"rendered":"Aprendizaje situacional, autorregulado y cooperativo"},"content":{"rendered":"<p>En \u00e9ste libro encontrar\u00e1s la explicaci\u00f3n sencilla y aplicable para entender en qu\u00e9 consiste y por qu\u00e9 se debe trabajar en el contexto actual con las estrategias did\u00e1cticas para el aprendizaje situaciones, adem\u00e1s podr\u00e1s informarte c\u00f3mo se favorece la autorregulaci\u00f3n en los alumnos de los distintos niveles educativos, y se culmina con el aprendizaje cooperativo, definiciones y estrategias de trabajo con esta alternativa.<\/p>\n","protected":false},"excerpt":{"rendered":"<p>En \u00e9ste libro encontrar\u00e1s la explicaci\u00f3n sencilla y aplicable para entender en qu\u00e9 consiste y por qu\u00e9 se debe trabajar en el contexto actual con las estrategias did\u00e1cticas para el aprendizaje situaciones, adem\u00e1s podr\u00e1s informarte c\u00f3mo se favorece la<\/p>\n","protected":false},"featured_media":252,"comment_status":"open","ping_status":"closed","template":"","meta":[],"product_brand":[],"product_cat":[88],"product_tag":[56,57,58],"class_list":{"0":"post-253","1":"product","2":"type-product","3":"status-publish","4":"has-post-thumbnail","6":"product_cat-libro-digital","7":"product_tag-aprendizaje-autorregulado","8":"product_tag-aprendizaje-cooperativo","9":"product_tag-aprendzaje-situado","11":"first","12":"instock","13":"downloadable","14":"shipping-taxable","15":"purchasable","16":"product-type-simple"},"_links":{"self":[{"href":"https:\/\/ciecicapacita.com.mx\/ciecieditorial\/wp-json\/wp\/v2\/product\/253","targetHints":{"allow":["GET"]}}],"collection":[{"href":"https:\/\/ciecicapacita.com.mx\/ciecieditorial\/wp-json\/wp\/v2\/product"}],"about":[{"href":"https:\/\/ciecicapacita.com.mx\/ciecieditorial\/wp-json\/wp\/v2\/types\/product"}],"replies":[{"embeddable":true,"href":"https:\/\/ciecicapacita.com.mx\/ciecieditorial\/wp-json\/wp\/v2\/comments?post=253"}],"wp:featuredmedia":[{"embeddable":true,"href":"https:\/\/ciecicapacita.com.mx\/ciecieditorial\/wp-json\/wp\/v2\/media\/252"}],"wp:attachment":[{"href":"https:\/\/ciecicapacita.com.mx\/ciecieditorial\/wp-json\/wp\/v2\/media?parent=253"}],"wp:term":[{"taxonomy":"product_brand","embeddable":true,"href":"https:\/\/ciecicapacita.com.mx\/ciecieditorial\/wp-json\/wp\/v2\/product_brand?post=253"},{"taxonomy":"product_cat","embeddable":true,"href":"https:\/\/ciecicapacita.com.mx\/ciecieditorial\/wp-json\/wp\/v2\/product_cat?post=253"},{"taxonomy":"product_tag","embeddable":true,"href":"https:\/\/ciecicapacita.com.mx\/ciecieditorial\/wp-json\/wp\/v2\/product_tag?post=253"}],"curies":[{"name":"wp","href":"https:\/\/api.w.org\/{rel}","templated":true}]}}