{"id":273,"date":"2026-03-07T06:56:47","date_gmt":"2026-03-07T06:56:47","guid":{"rendered":"https:\/\/ciecicapacita.com.mx\/ciecieditorial\/producto\/creatividad-en-los-equipos\/"},"modified":"2026-03-18T21:01:22","modified_gmt":"2026-03-18T21:01:22","slug":"creatividad-en-los-equipos","status":"publish","type":"product","link":"https:\/\/ciecicapacita.com.mx\/ciecieditorial\/producto\/creatividad-en-los-equipos\/","title":{"rendered":"Creatividad en los Equipos"},"content":{"rendered":"<p>La propuesta metodol\u00f3gica de ACICATE, un m\u00e9todo l\u00fadico para desarrollar la creatividad en los equipos, surge de la necesidad que existe en las organizaciones sociales de trabajar en equipo, en un ambiente de armon\u00eda y lograr adem\u00e1s productos creativos. Estas organizaciones han sido concebidas como sistemas con sentido de totalidad en lo que conviven una gran cantidad de personas, cuyas funciones se interrelacionan en la b\u00fasqueda de metas comunes, ll\u00e1mese escuela, empresa de servicios, centro de producci\u00f3n, en todas se requiere trabajar sin tensiones innecesarias, coordinando el hacer de uno con los del resto del equipo, pues de esa manera se obtendr\u00e1n mejores resultados.<\/p>\n<p>En la primera parte del libro se incluyen la aclaraci\u00f3n de los tres conceptos involucrados en el siguiente orden: trabajo en equipo, desarrollo de la creatividad y actividades l\u00fadicas. De cada uno se da una breve explicaci\u00f3n para aclarar el sentido en que se est\u00e1n utilizado y la forma en que se dan los resultados entre ellos para lograr los puntos de encuentro dentro de la propuesta. En ese sentido mismo apartado se explican los cuatro momentos del m\u00e9todo ACICATE, mismos que son los siguientes:<\/p>\n<p>Momento AC (Ambientes de confianza),<br \/>\nMomento IC (Integraci\u00f3n creativa),<br \/>\nMomento AT (Asignaci\u00f3n de tareas) y<br \/>\nMomento ET (Exposici\u00f3n, enriquecimiento y evaluaci\u00f3n).<\/p>\n<p>Cada uno de estos momentos ha surgido de la experiencia pr\u00e1ctica y en conjunto ha demostrado muchas bondades, en s\u00edntesis, lo que se propone es que, aprovechando la convivencia cotidiana de los miembros de la organizaci\u00f3n, se les prepare para trabajar en equipo y desarrollar procesos y productos creativos teniendo como elemento de mediaci\u00f3n y componente transversal las actividades l\u00fadicas.<\/p>\n","protected":false},"excerpt":{"rendered":"<p>La propuesta metodol\u00f3gica de ACICATE, un m\u00e9todo l\u00fadico para desarrollar la creatividad en los equipos, surge de la necesidad que existe en las organizaciones sociales de trabajar en equipo, en un ambiente de armon\u00eda y lograr adem\u00e1s productos creativo<\/p>\n","protected":false},"featured_media":272,"comment_status":"open","ping_status":"closed","template":"","meta":[],"product_brand":[],"product_cat":[88],"product_tag":[58,49,50],"class_list":{"0":"post-273","1":"product","2":"type-product","3":"status-publish","4":"has-post-thumbnail","6":"product_cat-libro-digital","7":"product_tag-aprendzaje-situado","8":"product_tag-innovacion-educativa","9":"product_tag-metodologia","11":"first","12":"instock","13":"downloadable","14":"shipping-taxable","15":"purchasable","16":"product-type-simple"},"_links":{"self":[{"href":"https:\/\/ciecicapacita.com.mx\/ciecieditorial\/wp-json\/wp\/v2\/product\/273","targetHints":{"allow":["GET"]}}],"collection":[{"href":"https:\/\/ciecicapacita.com.mx\/ciecieditorial\/wp-json\/wp\/v2\/product"}],"about":[{"href":"https:\/\/ciecicapacita.com.mx\/ciecieditorial\/wp-json\/wp\/v2\/types\/product"}],"replies":[{"embeddable":true,"href":"https:\/\/ciecicapacita.com.mx\/ciecieditorial\/wp-json\/wp\/v2\/comments?post=273"}],"wp:featuredmedia":[{"embeddable":true,"href":"https:\/\/ciecicapacita.com.mx\/ciecieditorial\/wp-json\/wp\/v2\/media\/272"}],"wp:attachment":[{"href":"https:\/\/ciecicapacita.com.mx\/ciecieditorial\/wp-json\/wp\/v2\/media?parent=273"}],"wp:term":[{"taxonomy":"product_brand","embeddable":true,"href":"https:\/\/ciecicapacita.com.mx\/ciecieditorial\/wp-json\/wp\/v2\/product_brand?post=273"},{"taxonomy":"product_cat","embeddable":true,"href":"https:\/\/ciecicapacita.com.mx\/ciecieditorial\/wp-json\/wp\/v2\/product_cat?post=273"},{"taxonomy":"product_tag","embeddable":true,"href":"https:\/\/ciecicapacita.com.mx\/ciecieditorial\/wp-json\/wp\/v2\/product_tag?post=273"}],"curies":[{"name":"wp","href":"https:\/\/api.w.org\/{rel}","templated":true}]}}