{"id":292,"date":"2026-03-07T06:56:59","date_gmt":"2026-03-07T06:56:59","guid":{"rendered":"https:\/\/ciecicapacita.com.mx\/ciecieditorial\/producto\/elaboracion-y-argumentacion-de-un-proyecto-de-intervencion\/"},"modified":"2026-03-18T21:19:39","modified_gmt":"2026-03-18T21:19:39","slug":"elaboracion-y-argumentacion-de-un-proyecto-de-intervencion","status":"publish","type":"product","link":"https:\/\/ciecicapacita.com.mx\/ciecieditorial\/producto\/elaboracion-y-argumentacion-de-un-proyecto-de-intervencion\/","title":{"rendered":"Elaboraci\u00f3n y Argumentaci\u00f3n de un Proyecto de intervenci\u00f3n"},"content":{"rendered":"<p>Autor(es): Helga Patricia Frola Ruiz, Jos\u00e9 de Jes\u00fas Vel\u00e1squez Navarro, Pi\u00f1on<br \/>\n1ra. edici\u00f3n, junio de 2017<br \/>\nISBN: En tr\u00e1mite<\/p>\n<p>El proyecto de intervenci\u00f3n del asesor t\u00e9cnico pedag\u00f3gico es un instrumento que permite evaluar el desempe\u00f1o del ATP a trav\u00e9s de una muestra genuina de su pr\u00e1ctica profesional. Consiste en la elaboraci\u00f3n de un plan de trabajo de asesor\u00eda a docentes, el desarrollo del plan y la selecci\u00f3n de evidencias para elaborar un texto de an\u00e1lisis en donde reflexione sobre su intervenci\u00f3n<\/p>\n<p>El proyecto de intervenci\u00f3n del asesor t\u00e9cnico pedag\u00f3gico se constituye de tres momentos:<\/p>\n<p>Elaboraci\u00f3n del plan de trabajo de asesor\u00eda,<br \/>\nDesarrollo del plan de trabajo de asesor\u00eda,<br \/>\nAn\u00e1lisis y reflexi\u00f3n sobre la asesor\u00eda realizada.<\/p>\n<p>En este libro encontrar\u00e1 los pormenores para su elaboraci\u00f3n, sugerencias para la obtenci\u00f3n de las evidencias y una serie de orientaciones para realizar un texto de an\u00e1lisis. Adicionalmente en los cap\u00edtulos I y II, se brinda la informaci\u00f3n completa de las otras fases de la evaluaci\u00f3n del desempe\u00f1o de los Asesores T\u00e9cnico Pedag\u00f3gico.<\/p>\n","protected":false},"excerpt":{"rendered":"<p>Autor(es): Helga Patricia Frola Ruiz, Jos\u00e9 de Jes\u00fas Vel\u00e1squez Navarro, Pi\u00f1on<br \/>\n1ra. edici\u00f3n, junio de 2017<br \/>\nISBN: En tr\u00e1mite<\/p>\n<p>El proyecto de intervenci\u00f3n del asesor t\u00e9cnico pedag\u00f3gico es un instrumento que permite evaluar el desempe\u00f1o del ATP a trav\u00e9s d<\/p>\n","protected":false},"featured_media":291,"comment_status":"open","ping_status":"closed","template":"","meta":[],"product_brand":[],"product_cat":[88],"product_tag":[78,79,80],"class_list":{"0":"post-292","1":"product","2":"type-product","3":"status-publish","4":"has-post-thumbnail","6":"product_cat-libro-digital","7":"product_tag-asesor-tecnico-pedagogico","8":"product_tag-plan-de-trabajo-de-asesoria-a-docentes","9":"product_tag-proyecto-de-intervencion","11":"first","12":"instock","13":"downloadable","14":"shipping-taxable","15":"purchasable","16":"product-type-simple"},"_links":{"self":[{"href":"https:\/\/ciecicapacita.com.mx\/ciecieditorial\/wp-json\/wp\/v2\/product\/292","targetHints":{"allow":["GET"]}}],"collection":[{"href":"https:\/\/ciecicapacita.com.mx\/ciecieditorial\/wp-json\/wp\/v2\/product"}],"about":[{"href":"https:\/\/ciecicapacita.com.mx\/ciecieditorial\/wp-json\/wp\/v2\/types\/product"}],"replies":[{"embeddable":true,"href":"https:\/\/ciecicapacita.com.mx\/ciecieditorial\/wp-json\/wp\/v2\/comments?post=292"}],"wp:featuredmedia":[{"embeddable":true,"href":"https:\/\/ciecicapacita.com.mx\/ciecieditorial\/wp-json\/wp\/v2\/media\/291"}],"wp:attachment":[{"href":"https:\/\/ciecicapacita.com.mx\/ciecieditorial\/wp-json\/wp\/v2\/media?parent=292"}],"wp:term":[{"taxonomy":"product_brand","embeddable":true,"href":"https:\/\/ciecicapacita.com.mx\/ciecieditorial\/wp-json\/wp\/v2\/product_brand?post=292"},{"taxonomy":"product_cat","embeddable":true,"href":"https:\/\/ciecicapacita.com.mx\/ciecieditorial\/wp-json\/wp\/v2\/product_cat?post=292"},{"taxonomy":"product_tag","embeddable":true,"href":"https:\/\/ciecicapacita.com.mx\/ciecieditorial\/wp-json\/wp\/v2\/product_tag?post=292"}],"curies":[{"name":"wp","href":"https:\/\/api.w.org\/{rel}","templated":true}]}}