{"version":"1.0","provider_name":"Congreso CIECI Capacita","provider_url":"https:\/\/ciecicapacita.com.mx\/congreso","author_name":"Hazet810","author_url":"https:\/\/ciecicapacita.com.mx\/congreso\/author\/hazet810\/","title":"1er Congreso de Pedagog\u00edas sociocr\u00edticas y evaluaci\u00f3n formativa","type":"rich","width":600,"height":338,"html":"<blockquote class=\"wp-embedded-content\" data-secret=\"6h6lj3xbid\"><a href=\"https:\/\/ciecicapacita.com.mx\/congreso\/producto\/all-access\/\">1er Congreso de Pedagog\u00edas sociocr\u00edticas y evaluaci\u00f3n formativa<\/a><\/blockquote><iframe sandbox=\"allow-scripts\" security=\"restricted\" src=\"https:\/\/ciecicapacita.com.mx\/congreso\/producto\/all-access\/embed\/#?secret=6h6lj3xbid\" width=\"600\" height=\"338\" title=\"\u00ab1er Congreso de Pedagog\u00edas sociocr\u00edticas y evaluaci\u00f3n formativa\u00bb \u2014 Congreso CIECI Capacita\" data-secret=\"6h6lj3xbid\" frameborder=\"0\" marginwidth=\"0\" marginheight=\"0\" scrolling=\"no\" class=\"wp-embedded-content\"><\/iframe><script>\n\/*! This file is auto-generated *\/\n!function(d,l){\"use strict\";l.querySelector&&d.addEventListener&&\"undefined\"!=typeof URL&&(d.wp=d.wp||{},d.wp.receiveEmbedMessage||(d.wp.receiveEmbedMessage=function(e){var t=e.data;if((t||t.secret||t.message||t.value)&&!\/[^a-zA-Z0-9]\/.test(t.secret)){for(var s,r,n,a=l.querySelectorAll('iframe[data-secret=\"'+t.secret+'\"]'),o=l.querySelectorAll('blockquote[data-secret=\"'+t.secret+'\"]'),c=new RegExp(\"^https?:$\",\"i\"),i=0;i<o.length;i++)o[i].style.display=\"none\";for(i=0;i<a.length;i++)s=a[i],e.source===s.contentWindow&&(s.removeAttribute(\"style\"),\"height\"===t.message?(1e3<(r=parseInt(t.value,10))?r=1e3:~~r<200&&(r=200),s.height=r):\"link\"===t.message&&(r=new URL(s.getAttribute(\"src\")),n=new URL(t.value),c.test(n.protocol))&&n.host===r.host&&l.activeElement===s&&(d.top.location.href=t.value))}},d.addEventListener(\"message\",d.wp.receiveEmbedMessage,!1),l.addEventListener(\"DOMContentLoaded\",function(){for(var e,t,s=l.querySelectorAll(\"iframe.wp-embedded-content\"),r=0;r<s.length;r++)(t=(e=s[r]).getAttribute(\"data-secret\"))||(t=Math.random().toString(36).substring(2,12),e.src+=\"#?secret=\"+t,e.setAttribute(\"data-secret\",t)),e.contentWindow.postMessage({message:\"ready\",secret:t},\"*\")},!1)))}(window,document);\n<\/script>\n","thumbnail_url":"https:\/\/ciecicapacita.com.mx\/congreso\/wp-content\/uploads\/2024\/10\/Congreso8_Mesa-de-trabajo-1132-678x1024.png","thumbnail_width":678,"thumbnail_height":1024,"description":"Bienvenidos y bienvenidas al 1er Congreso de Pedagog\u00edas Sociocr\u00edticas y Evaluaci\u00f3n Formativa: Hacia una Justicia Educativa Posible. Este evento es un espacio dedicado a la reflexi\u00f3n, el aprendizaje y la construcci\u00f3n de conocimientos en torno a enfoques pedag\u00f3gicos que buscan transformar la educaci\u00f3n, desde una perspectiva cr\u00edtica y comprometida con la equidad, la justicia social y el desarrollo integral de las personas. El acceso al congreso incluye lo siguiente:   Kit de bienvenida.  Acceso a conferencias y seminarios.  Acceso a un taller.  Comida de tres tiempos.  Constancia Digital de participaci\u00f3n.  Para realizar la compra de tu entrada al Congreso, haz clic en \"Reservar entrada\" o \"Paypal\". Se te pedir\u00e1 ingresar tus datos para emitir el recibo de compra. Una vez completado el proceso, recibir\u00e1s un c\u00f3digo QR en el correo electr\u00f3nico registrado en el formulario, el cual ser\u00e1 tu pase para ingresar al evento."}

1er Congreso de Pedagogías sociocríticas y evaluación formativa

<blockquote class="wp-embedded-content" data-secret="6h6lj3xbid"><a href="https://ciecicapacita.com.mx/congreso/producto/all-access/">1er Congreso de Pedagogías sociocríticas y evaluación formativa</a></blockquote><iframe sandbox="allow-scripts" security="restricted" src="https://ciecicapacita.com.mx/congreso/producto/all-access/embed/#?secret=6h6lj3xbid" width="600" height="338" title="«1er Congreso de Pedagogías sociocríticas y evaluación formativa» — Congreso CIECI Capacita" data-secret="6h6lj3xbid" frameborder="0" marginwidth="0" marginheight="0" scrolling="no" class="wp-embedded-content"></iframe><script>
/*! This file is auto-generated */
!function(d,l){"use strict";l.querySelector&&d.addEventListener&&"undefined"!=typeof URL&&(d.wp=d.wp||{},d.wp.receiveEmbedMessage||(d.wp.receiveEmbedMessage=function(e){var t=e.data;if((t||t.secret||t.message||t.value)&&!/[^a-zA-Z0-9]/.test(t.secret)){for(var s,r,n,a=l.querySelectorAll('iframe[data-secret="'+t.secret+'"]'),o=l.querySelectorAll('blockquote[data-secret="'+t.secret+'"]'),c=new RegExp("^https?:$","i"),i=0;i<o.length;i++)o[i].style.display="none";for(i=0;i<a.length;i++)s=a[i],e.source===s.contentWindow&&(s.removeAttribute("style"),"height"===t.message?(1e3<(r=parseInt(t.value,10))?r=1e3:~~r<200&&(r=200),s.height=r):"link"===t.message&&(r=new URL(s.getAttribute("src")),n=new URL(t.value),c.test(n.protocol))&&n.host===r.host&&l.activeElement===s&&(d.top.location.href=t.value))}},d.addEventListener("message",d.wp.receiveEmbedMessage,!1),l.addEventListener("DOMContentLoaded",function(){for(var e,t,s=l.querySelectorAll("iframe.wp-embedded-content"),r=0;r<s.length;r++)(t=(e=s[r]).getAttribute("data-secret"))||(t=Math.random().toString(36).substring(2,12),e.src+="#?secret="+t,e.setAttribute("data-secret",t)),e.contentWindow.postMessage({message:"ready",secret:t},"*")},!1)))}(window,document);
</script>

Bienvenidos y bienvenidas al 1er Congreso de Pedagogías Sociocríticas y Evaluación Formativa: Hacia una Justicia Educativa Posible. Este evento es un espacio dedicado a la reflexión, el aprendizaje y la construcción de conocimientos en torno a enfoques pedagógicos que buscan transformar la educación, desde una perspectiva crítica y comprometida con la equidad, la justicia social y el desarrollo integral de las personas. El acceso al congreso incluye lo siguiente:   Kit de bienvenida.  Acceso a conferencias y seminarios.  Acceso a un taller.  Comida de tres tiempos.  Constancia Digital de participación.  Para realizar la compra de tu entrada al Congreso, haz clic en "Reservar entrada" o "Paypal". Se te pedirá ingresar tus datos para emitir el recibo de compra. Una vez completado el proceso, recibirás un código QR en el correo electrónico registrado en el formulario, el cual será tu pase para ingresar al evento.
