{"id":255,"date":"2024-10-31T00:59:32","date_gmt":"2024-10-31T00:59:32","guid":{"rendered":"https:\/\/ciecicapacita.com.mx\/congreso\/?page_id=255"},"modified":"2024-10-31T00:59:32","modified_gmt":"2024-10-31T00:59:32","slug":"programa","status":"publish","type":"page","link":"https:\/\/ciecicapacita.com.mx\/congreso\/programa\/","title":{"rendered":"Programa"},"content":{"rendered":"","protected":false},"excerpt":{"rendered":"","protected":false},"author":1,"featured_media":0,"parent":0,"menu_order":0,"comment_status":"closed","ping_status":"closed","template":"","meta":{"footnotes":""},"class_list":["post-255","page","type-page","status-publish","hentry"],"yoast_head":"<!-- This site is optimized with the Yoast SEO Premium plugin v24.5 (Yoast SEO v24.5) - https:\/\/yoast.com\/wordpress\/plugins\/seo\/ -->\n<title>Programa - Congreso CIECI Capacita<\/title>\n<meta name=\"description\" content=\"Participa en el 1er Congreso sobre Pedagog\u00edas Sociocr\u00edticas y Evaluacion Formativa. Nueva escuela Mexicana. Evaluaci\u00f3n Formativa. Justicia educativa. Evaluacion formativa para docentes.\" \/>\n<meta name=\"robots\" content=\"index, follow, max-snippet:-1, max-image-preview:large, max-video-preview:-1\" \/>\n<link rel=\"canonical\" href=\"https:\/\/ciecicapacita.com.mx\/congreso\/programa\/\" \/>\n<meta property=\"og:locale\" content=\"es_ES\" \/>\n<meta property=\"og:type\" content=\"article\" \/>\n<meta property=\"og:title\" content=\"Programa\" \/>\n<meta property=\"og:description\" content=\"Participa en el 1er Congreso sobre Pedagog\u00edas Sociocr\u00edticas y Evaluacion Formativa. Nueva escuela Mexicana. Evaluaci\u00f3n Formativa. Justicia educativa. Evaluacion formativa para docentes.\" \/>\n<meta property=\"og:url\" content=\"https:\/\/ciecicapacita.com.mx\/congreso\/programa\/\" \/>\n<meta property=\"og:site_name\" content=\"Congreso CIECI Capacita\" \/>\n<meta property=\"article:publisher\" content=\"https:\/\/www.facebook.com\/ciecionline\" \/>\n<meta name=\"twitter:card\" content=\"summary_large_image\" \/>\n<script type=\"application\/ld+json\" class=\"yoast-schema-graph\">{\"@context\":\"https:\/\/schema.org\",\"@graph\":[{\"@type\":\"WebPage\",\"@id\":\"https:\/\/ciecicapacita.com.mx\/congreso\/programa\/\",\"url\":\"https:\/\/ciecicapacita.com.mx\/congreso\/programa\/\",\"name\":\"Programa - Congreso CIECI Capacita\",\"isPartOf\":{\"@id\":\"https:\/\/ciecicapacita.com.mx\/congreso\/#website\"},\"datePublished\":\"2024-10-31T00:59:32+00:00\",\"description\":\"Participa en el 1er Congreso sobre Pedagog\u00edas Sociocr\u00edticas y Evaluacion Formativa. Nueva escuela Mexicana. Evaluaci\u00f3n Formativa. Justicia educativa. Evaluacion formativa para docentes.\",\"breadcrumb\":{\"@id\":\"https:\/\/ciecicapacita.com.mx\/congreso\/programa\/#breadcrumb\"},\"inLanguage\":\"es\",\"potentialAction\":[{\"@type\":\"ReadAction\",\"target\":[\"https:\/\/ciecicapacita.com.mx\/congreso\/programa\/\"]}]},{\"@type\":\"BreadcrumbList\",\"@id\":\"https:\/\/ciecicapacita.com.mx\/congreso\/programa\/#breadcrumb\",\"itemListElement\":[{\"@type\":\"ListItem\",\"position\":1,\"name\":\"Portada\",\"item\":\"https:\/\/ciecicapacita.com.mx\/congreso\/\"},{\"@type\":\"ListItem\",\"position\":2,\"name\":\"Programa\"}]},{\"@type\":\"WebSite\",\"@id\":\"https:\/\/ciecicapacita.com.mx\/congreso\/#website\",\"url\":\"https:\/\/ciecicapacita.com.mx\/congreso\/\",\"name\":\"Congreso CIECI Capacita\",\"description\":\"Participa en el 1er Congreso sobre pedagog\u00eda sociocr\u00edticas y evaluaci\u00f3n formativa. Nueva escuela Mexicana\",\"publisher\":{\"@id\":\"https:\/\/ciecicapacita.com.mx\/congreso\/#organization\"},\"alternateName\":\"1er Congreso de Pedagog\u00eda Sociocriticas y Evaluaci\u00f3n Formativa\",\"potentialAction\":[{\"@type\":\"SearchAction\",\"target\":{\"@type\":\"EntryPoint\",\"urlTemplate\":\"https:\/\/ciecicapacita.com.mx\/congreso\/?s={search_term_string}\"},\"query-input\":{\"@type\":\"PropertyValueSpecification\",\"valueRequired\":true,\"valueName\":\"search_term_string\"}}],\"inLanguage\":\"es\"},{\"@type\":\"Organization\",\"@id\":\"https:\/\/ciecicapacita.com.mx\/congreso\/#organization\",\"name\":\"Congreso CIECI Capacita\",\"url\":\"https:\/\/ciecicapacita.com.mx\/congreso\/\",\"logo\":{\"@type\":\"ImageObject\",\"inLanguage\":\"es\",\"@id\":\"https:\/\/ciecicapacita.com.mx\/congreso\/#\/schema\/logo\/image\/\",\"url\":\"https:\/\/ciecicapacita.com.mx\/congreso\/wp-content\/uploads\/2024\/10\/Screenshot_2-1024x489.png\",\"contentUrl\":\"https:\/\/ciecicapacita.com.mx\/congreso\/wp-content\/uploads\/2024\/10\/Screenshot_2-1024x489.png\",\"width\":1024,\"height\":489,\"caption\":\"Congreso CIECI Capacita\"},\"image\":{\"@id\":\"https:\/\/ciecicapacita.com.mx\/congreso\/#\/schema\/logo\/image\/\"},\"sameAs\":[\"https:\/\/www.facebook.com\/ciecionline\",\"https:\/\/m.youtube.com\/@elpulsodelaeducacion\"]}]}<\/script>\n<!-- \/ Yoast SEO Premium plugin. -->","yoast_head_json":{"title":"Programa - Congreso CIECI Capacita","description":"Participa en el 1er Congreso sobre Pedagog\u00edas Sociocr\u00edticas y Evaluacion Formativa. Nueva escuela Mexicana. Evaluaci\u00f3n Formativa. Justicia educativa. Evaluacion formativa para docentes.","robots":{"index":"index","follow":"follow","max-snippet":"max-snippet:-1","max-image-preview":"max-image-preview:large","max-video-preview":"max-video-preview:-1"},"canonical":"https:\/\/ciecicapacita.com.mx\/congreso\/programa\/","og_locale":"es_ES","og_type":"article","og_title":"Programa","og_description":"Participa en el 1er Congreso sobre Pedagog\u00edas Sociocr\u00edticas y Evaluacion Formativa. Nueva escuela Mexicana. Evaluaci\u00f3n Formativa. Justicia educativa. Evaluacion formativa para docentes.","og_url":"https:\/\/ciecicapacita.com.mx\/congreso\/programa\/","og_site_name":"Congreso CIECI Capacita","article_publisher":"https:\/\/www.facebook.com\/ciecionline","twitter_card":"summary_large_image","schema":{"@context":"https:\/\/schema.org","@graph":[{"@type":"WebPage","@id":"https:\/\/ciecicapacita.com.mx\/congreso\/programa\/","url":"https:\/\/ciecicapacita.com.mx\/congreso\/programa\/","name":"Programa - Congreso CIECI Capacita","isPartOf":{"@id":"https:\/\/ciecicapacita.com.mx\/congreso\/#website"},"datePublished":"2024-10-31T00:59:32+00:00","description":"Participa en el 1er Congreso sobre Pedagog\u00edas Sociocr\u00edticas y Evaluacion Formativa. Nueva escuela Mexicana. Evaluaci\u00f3n Formativa. Justicia educativa. Evaluacion formativa para docentes.","breadcrumb":{"@id":"https:\/\/ciecicapacita.com.mx\/congreso\/programa\/#breadcrumb"},"inLanguage":"es","potentialAction":[{"@type":"ReadAction","target":["https:\/\/ciecicapacita.com.mx\/congreso\/programa\/"]}]},{"@type":"BreadcrumbList","@id":"https:\/\/ciecicapacita.com.mx\/congreso\/programa\/#breadcrumb","itemListElement":[{"@type":"ListItem","position":1,"name":"Portada","item":"https:\/\/ciecicapacita.com.mx\/congreso\/"},{"@type":"ListItem","position":2,"name":"Programa"}]},{"@type":"WebSite","@id":"https:\/\/ciecicapacita.com.mx\/congreso\/#website","url":"https:\/\/ciecicapacita.com.mx\/congreso\/","name":"Congreso CIECI Capacita","description":"Participa en el 1er Congreso sobre pedagog\u00eda sociocr\u00edticas y evaluaci\u00f3n formativa. Nueva escuela Mexicana","publisher":{"@id":"https:\/\/ciecicapacita.com.mx\/congreso\/#organization"},"alternateName":"1er Congreso de Pedagog\u00eda Sociocriticas y Evaluaci\u00f3n Formativa","potentialAction":[{"@type":"SearchAction","target":{"@type":"EntryPoint","urlTemplate":"https:\/\/ciecicapacita.com.mx\/congreso\/?s={search_term_string}"},"query-input":{"@type":"PropertyValueSpecification","valueRequired":true,"valueName":"search_term_string"}}],"inLanguage":"es"},{"@type":"Organization","@id":"https:\/\/ciecicapacita.com.mx\/congreso\/#organization","name":"Congreso CIECI Capacita","url":"https:\/\/ciecicapacita.com.mx\/congreso\/","logo":{"@type":"ImageObject","inLanguage":"es","@id":"https:\/\/ciecicapacita.com.mx\/congreso\/#\/schema\/logo\/image\/","url":"https:\/\/ciecicapacita.com.mx\/congreso\/wp-content\/uploads\/2024\/10\/Screenshot_2-1024x489.png","contentUrl":"https:\/\/ciecicapacita.com.mx\/congreso\/wp-content\/uploads\/2024\/10\/Screenshot_2-1024x489.png","width":1024,"height":489,"caption":"Congreso CIECI Capacita"},"image":{"@id":"https:\/\/ciecicapacita.com.mx\/congreso\/#\/schema\/logo\/image\/"},"sameAs":["https:\/\/www.facebook.com\/ciecionline","https:\/\/m.youtube.com\/@elpulsodelaeducacion"]}]}},"_links":{"self":[{"href":"https:\/\/ciecicapacita.com.mx\/congreso\/wp-json\/wp\/v2\/pages\/255"}],"collection":[{"href":"https:\/\/ciecicapacita.com.mx\/congreso\/wp-json\/wp\/v2\/pages"}],"about":[{"href":"https:\/\/ciecicapacita.com.mx\/congreso\/wp-json\/wp\/v2\/types\/page"}],"author":[{"embeddable":true,"href":"https:\/\/ciecicapacita.com.mx\/congreso\/wp-json\/wp\/v2\/users\/1"}],"replies":[{"embeddable":true,"href":"https:\/\/ciecicapacita.com.mx\/congreso\/wp-json\/wp\/v2\/comments?post=255"}],"version-history":[{"count":1,"href":"https:\/\/ciecicapacita.com.mx\/congreso\/wp-json\/wp\/v2\/pages\/255\/revisions"}],"predecessor-version":[{"id":256,"href":"https:\/\/ciecicapacita.com.mx\/congreso\/wp-json\/wp\/v2\/pages\/255\/revisions\/256"}],"wp:attachment":[{"href":"https:\/\/ciecicapacita.com.mx\/congreso\/wp-json\/wp\/v2\/media?parent=255"}],"curies":[{"name":"wp","href":"https:\/\/api.w.org\/{rel}","templated":true}]}}

<!-- This site is optimized with the Yoast SEO Premium plugin v24.5 (Yoast SEO v24.5) - https://yoast.com/wordpress/plugins/seo/ -->
<title>Programa - Congreso CIECI Capacita</title>
<meta name="description" content="Participa en el 1er Congreso sobre Pedagogías Sociocríticas y Evaluacion Formativa. Nueva escuela Mexicana. Evaluación Formativa. Justicia educativa. Evaluacion formativa para docentes." />
<meta name="robots" content="index, follow, max-snippet:-1, max-image-preview:large, max-video-preview:-1" />
<link rel="canonical" href="https://ciecicapacita.com.mx/congreso/programa/" />
<meta property="og:locale" content="es_ES" />
<meta property="og:type" content="article" />
<meta property="og:title" content="Programa" />
<meta property="og:description" content="Participa en el 1er Congreso sobre Pedagogías Sociocríticas y Evaluacion Formativa. Nueva escuela Mexicana. Evaluación Formativa. Justicia educativa. Evaluacion formativa para docentes." />
<meta property="og:url" content="https://ciecicapacita.com.mx/congreso/programa/" />
<meta property="og:site_name" content="Congreso CIECI Capacita" />
<meta property="article:publisher" content="https://www.facebook.com/ciecionline" />
<meta name="twitter:card" content="summary_large_image" />
<script type="application/ld+json" class="yoast-schema-graph">{"@context":"https://schema.org","@graph":[{"@type":"WebPage","@id":"https://ciecicapacita.com.mx/congreso/programa/","url":"https://ciecicapacita.com.mx/congreso/programa/","name":"Programa - Congreso CIECI Capacita","isPartOf":{"@id":"https://ciecicapacita.com.mx/congreso/#website"},"datePublished":"2024-10-31T00:59:32+00:00","description":"Participa en el 1er Congreso sobre Pedagogías Sociocríticas y Evaluacion Formativa. Nueva escuela Mexicana. Evaluación Formativa. Justicia educativa. Evaluacion formativa para docentes.","breadcrumb":{"@id":"https://ciecicapacita.com.mx/congreso/programa/#breadcrumb"},"inLanguage":"es","potentialAction":[{"@type":"ReadAction","target":["https://ciecicapacita.com.mx/congreso/programa/"]}]},{"@type":"BreadcrumbList","@id":"https://ciecicapacita.com.mx/congreso/programa/#breadcrumb","itemListElement":[{"@type":"ListItem","position":1,"name":"Portada","item":"https://ciecicapacita.com.mx/congreso/"},{"@type":"ListItem","position":2,"name":"Programa"}]},{"@type":"WebSite","@id":"https://ciecicapacita.com.mx/congreso/#website","url":"https://ciecicapacita.com.mx/congreso/","name":"Congreso CIECI Capacita","description":"Participa en el 1er Congreso sobre pedagogía sociocríticas y evaluación formativa. Nueva escuela Mexicana","publisher":{"@id":"https://ciecicapacita.com.mx/congreso/#organization"},"alternateName":"1er Congreso de Pedagogía Sociocriticas y Evaluación Formativa","potentialAction":[{"@type":"SearchAction","target":{"@type":"EntryPoint","urlTemplate":"https://ciecicapacita.com.mx/congreso/?s={search_term_string}"},"query-input":{"@type":"PropertyValueSpecification","valueRequired":true,"valueName":"search_term_string"}}],"inLanguage":"es"},{"@type":"Organization","@id":"https://ciecicapacita.com.mx/congreso/#organization","name":"Congreso CIECI Capacita","url":"https://ciecicapacita.com.mx/congreso/","logo":{"@type":"ImageObject","inLanguage":"es","@id":"https://ciecicapacita.com.mx/congreso/#/schema/logo/image/","url":"https://ciecicapacita.com.mx/congreso/wp-content/uploads/2024/10/Screenshot_2-1024x489.png","contentUrl":"https://ciecicapacita.com.mx/congreso/wp-content/uploads/2024/10/Screenshot_2-1024x489.png","width":1024,"height":489,"caption":"Congreso CIECI Capacita"},"image":{"@id":"https://ciecicapacita.com.mx/congreso/#/schema/logo/image/"},"sameAs":["https://www.facebook.com/ciecionline","https://m.youtube.com/@elpulsodelaeducacion"]}]}</script>
<!-- / Yoast SEO Premium plugin. -->

Participa en el 1er Congreso sobre Pedagogías Sociocríticas y Evaluacion Formativa. Nueva escuela Mexicana. Evaluación Formativa. Justicia educativa. Evaluacion formativa para docentes.

Participa en el 1er Congreso sobre pedagogía sociocríticas y evaluación formativa. Nueva escuela Mexicana

1er Congreso de Pedagogía Sociocriticas y Evaluación Formativa
