{"id":361,"date":"2024-11-15T02:04:24","date_gmt":"2024-11-15T02:04:24","guid":{"rendered":"https:\/\/ciecicapacita.com.mx\/congreso\/?post_type=product&#038;p=361"},"modified":"2025-04-05T04:39:43","modified_gmt":"2025-04-05T04:39:43","slug":"all-access","status":"publish","type":"product","link":"https:\/\/ciecicapacita.com.mx\/congreso\/producto\/all-access\/","title":{"rendered":"1er Congreso de Pedagog\u00edas sociocr\u00edticas y evaluaci\u00f3n formativa"},"content":{"rendered":"<p><strong>\u00a1Bienvenidos al 1er Congreso de Pedagog\u00edas Sociocr\u00edticas y Evaluaci\u00f3n Formativa: Hacia una Justicia Educativa Posible!<\/strong><\/p>\n<p>Agradecemos tu inter\u00e9s y entusiasmo por formar parte de este evento \u00fanico, donde juntos reflexionaremos sobre los retos y oportunidades para construir una educaci\u00f3n m\u00e1s equitativa y transformadora. Tu participaci\u00f3n es clave para enriquecer este espacio de di\u00e1logo, aprendizaje y construcci\u00f3n colectiva.<\/p>\n","protected":false},"excerpt":{"rendered":"<p style=\"text-align: left;\">Bienvenidos y bienvenidas al <strong>1er Congreso de Pedagog\u00edas Sociocr\u00edticas y Evaluaci\u00f3n Formativa: Hacia una Justicia Educativa Posible<\/strong>. Este evento es un espacio dedicado a la reflexi\u00f3n, el aprendizaje y la construcci\u00f3n de conocimientos en torno a enfoques pedag\u00f3gicos que buscan transformar la educaci\u00f3n, desde una perspectiva cr\u00edtica y comprometida con la equidad, la justicia social y el desarrollo integral de las personas.<\/p>\n<p><span style=\"color: #993366;\">El acceso al congreso incluye lo siguiente:<\/span><\/p>\n<ul>\n<li><span style=\"color: #993366;\">Kit de bienvenida.<\/span><\/li>\n<li><span style=\"color: #993366;\">Acceso a conferencias y seminarios.<\/span><\/li>\n<li><span style=\"color: #993366;\">Acceso a un taller.<\/span><\/li>\n<li><span style=\"color: #993366;\">Comida de tres tiempos.<\/span><\/li>\n<li><span style=\"color: #993366;\">Constancia Digital de participaci\u00f3n.<\/span><\/li>\n<\/ul>\n<h6 style=\"text-align: justify;\"><strong>Para realizar la compra de tu entrada al Congreso, haz clic en &#8220;Reservar entrada&#8221; o &#8220;Paypal&#8221;. Se te pedir\u00e1 ingresar tus datos para emitir el recibo de compra. Una vez completado el proceso, recibir\u00e1s un c\u00f3digo QR en el correo electr\u00f3nico registrado en el formulario, el cual ser\u00e1 tu pase para ingresar al evento.<\/strong><\/h6>\n","protected":false},"author":1,"featured_media":455,"comment_status":"open","ping_status":"closed","template":"","meta":[],"product_cat":[21],"product_tag":[],"class_list":{"0":"post-361","1":"product","2":"type-product","3":"status-publish","4":"has-post-thumbnail","6":"product_cat-sin-categorizar","8":"first","9":"instock","10":"sold-individually","11":"shipping-taxable","12":"purchasable","13":"product-type-variable"},"yoast_head":"<!-- This site is optimized with the Yoast SEO Premium plugin v24.5 (Yoast SEO v24.5) - https:\/\/yoast.com\/wordpress\/plugins\/seo\/ -->\n<title>1er Congreso de Pedagog\u00edas sociocr\u00edticas y evaluaci\u00f3n formativa - Congreso CIECI Capacita<\/title>\n<meta name=\"robots\" content=\"index, follow, max-snippet:-1, max-image-preview:large, max-video-preview:-1\" \/>\n<link rel=\"canonical\" href=\"https:\/\/ciecicapacita.com.mx\/congreso\/producto\/all-access\/\" \/>\n<meta property=\"og:locale\" content=\"es_ES\" \/>\n<meta property=\"og:type\" content=\"article\" \/>\n<meta property=\"og:title\" content=\"1er Congreso de Pedagog\u00edas sociocr\u00edticas y evaluaci\u00f3n formativa\" \/>\n<meta property=\"og:description\" content=\"Bienvenidos y bienvenidas al 1er Congreso de Pedagog\u00edas Sociocr\u00edticas y Evaluaci\u00f3n Formativa: Hacia una Justicia Educativa Posible. Este evento es un espacio dedicado a la reflexi\u00f3n, el aprendizaje y la construcci\u00f3n de conocimientos en torno a enfoques pedag\u00f3gicos que buscan transformar la educaci\u00f3n, desde una perspectiva cr\u00edtica y comprometida con la equidad, la justicia social y el desarrollo integral de las personas. El acceso al congreso incluye lo siguiente:   Kit de bienvenida.  Acceso a conferencias y seminarios.  Acceso a un taller.  Comida de tres tiempos.  Constancia Digital de participaci\u00f3n.  Para realizar la compra de tu entrada al Congreso, haz clic en &quot;Reservar entrada&quot; o &quot;Paypal&quot;. Se te pedir\u00e1 ingresar tus datos para emitir el recibo de compra. Una vez completado el proceso, recibir\u00e1s un c\u00f3digo QR en el correo electr\u00f3nico registrado en el formulario, el cual ser\u00e1 tu pase para ingresar al evento.\" \/>\n<meta property=\"og:url\" content=\"https:\/\/ciecicapacita.com.mx\/congreso\/producto\/all-access\/\" \/>\n<meta property=\"og:site_name\" content=\"Congreso CIECI Capacita\" \/>\n<meta property=\"article:publisher\" content=\"https:\/\/www.facebook.com\/ciecionline\" \/>\n<meta property=\"article:modified_time\" content=\"2025-04-05T04:39:43+00:00\" \/>\n<meta property=\"og:image\" content=\"https:\/\/ciecicapacita.com.mx\/congreso\/wp-content\/uploads\/2024\/10\/Congreso8_Mesa-de-trabajo-1132-678x1024.png\" \/>\n\t<meta property=\"og:image:width\" content=\"678\" \/>\n\t<meta property=\"og:image:height\" content=\"1024\" \/>\n\t<meta property=\"og:image:type\" content=\"image\/png\" \/>\n<meta name=\"twitter:card\" content=\"summary_large_image\" \/>\n<meta name=\"twitter:label1\" content=\"Tiempo de lectura\" \/>\n\t<meta name=\"twitter:data1\" content=\"1 minuto\" \/>\n<script type=\"application\/ld+json\" class=\"yoast-schema-graph\">{\"@context\":\"https:\/\/schema.org\",\"@graph\":[{\"@type\":\"WebPage\",\"@id\":\"https:\/\/ciecicapacita.com.mx\/congreso\/producto\/all-access\/\",\"url\":\"https:\/\/ciecicapacita.com.mx\/congreso\/producto\/all-access\/\",\"name\":\"1er Congreso de Pedagog\u00edas sociocr\u00edticas y evaluaci\u00f3n formativa - Congreso CIECI Capacita\",\"isPartOf\":{\"@id\":\"https:\/\/ciecicapacita.com.mx\/congreso\/#website\"},\"primaryImageOfPage\":{\"@id\":\"https:\/\/ciecicapacita.com.mx\/congreso\/producto\/all-access\/#primaryimage\"},\"image\":{\"@id\":\"https:\/\/ciecicapacita.com.mx\/congreso\/producto\/all-access\/#primaryimage\"},\"thumbnailUrl\":\"https:\/\/ciecicapacita.com.mx\/congreso\/wp-content\/uploads\/2024\/10\/Congreso8_Mesa-de-trabajo-1132.png\",\"datePublished\":\"2024-11-15T02:04:24+00:00\",\"dateModified\":\"2025-04-05T04:39:43+00:00\",\"breadcrumb\":{\"@id\":\"https:\/\/ciecicapacita.com.mx\/congreso\/producto\/all-access\/#breadcrumb\"},\"inLanguage\":\"es\",\"potentialAction\":[{\"@type\":\"ReadAction\",\"target\":[\"https:\/\/ciecicapacita.com.mx\/congreso\/producto\/all-access\/\"]}]},{\"@type\":\"ImageObject\",\"inLanguage\":\"es\",\"@id\":\"https:\/\/ciecicapacita.com.mx\/congreso\/producto\/all-access\/#primaryimage\",\"url\":\"https:\/\/ciecicapacita.com.mx\/congreso\/wp-content\/uploads\/2024\/10\/Congreso8_Mesa-de-trabajo-1132.png\",\"contentUrl\":\"https:\/\/ciecicapacita.com.mx\/congreso\/wp-content\/uploads\/2024\/10\/Congreso8_Mesa-de-trabajo-1132.png\",\"width\":1920,\"height\":2899},{\"@type\":\"BreadcrumbList\",\"@id\":\"https:\/\/ciecicapacita.com.mx\/congreso\/producto\/all-access\/#breadcrumb\",\"itemListElement\":[{\"@type\":\"ListItem\",\"position\":1,\"name\":\"Portada\",\"item\":\"https:\/\/ciecicapacita.com.mx\/congreso\/\"},{\"@type\":\"ListItem\",\"position\":2,\"name\":\"Tienda\",\"item\":\"https:\/\/ciecicapacita.com.mx\/congreso\/tienda\/\"},{\"@type\":\"ListItem\",\"position\":3,\"name\":\"1er Congreso de Pedagog\u00edas sociocr\u00edticas y evaluaci\u00f3n formativa\"}]},{\"@type\":\"WebSite\",\"@id\":\"https:\/\/ciecicapacita.com.mx\/congreso\/#website\",\"url\":\"https:\/\/ciecicapacita.com.mx\/congreso\/\",\"name\":\"Congreso CIECI Capacita\",\"description\":\"Participa en el 1er Congreso sobre pedagog\u00eda sociocr\u00edticas y evaluaci\u00f3n formativa. Nueva escuela Mexicana\",\"publisher\":{\"@id\":\"https:\/\/ciecicapacita.com.mx\/congreso\/#organization\"},\"alternateName\":\"1er Congreso de Pedagog\u00eda Sociocriticas y Evaluaci\u00f3n Formativa\",\"potentialAction\":[{\"@type\":\"SearchAction\",\"target\":{\"@type\":\"EntryPoint\",\"urlTemplate\":\"https:\/\/ciecicapacita.com.mx\/congreso\/?s={search_term_string}\"},\"query-input\":{\"@type\":\"PropertyValueSpecification\",\"valueRequired\":true,\"valueName\":\"search_term_string\"}}],\"inLanguage\":\"es\"},{\"@type\":\"Organization\",\"@id\":\"https:\/\/ciecicapacita.com.mx\/congreso\/#organization\",\"name\":\"Congreso CIECI Capacita\",\"url\":\"https:\/\/ciecicapacita.com.mx\/congreso\/\",\"logo\":{\"@type\":\"ImageObject\",\"inLanguage\":\"es\",\"@id\":\"https:\/\/ciecicapacita.com.mx\/congreso\/#\/schema\/logo\/image\/\",\"url\":\"https:\/\/ciecicapacita.com.mx\/congreso\/wp-content\/uploads\/2024\/10\/Screenshot_2-1024x489.png\",\"contentUrl\":\"https:\/\/ciecicapacita.com.mx\/congreso\/wp-content\/uploads\/2024\/10\/Screenshot_2-1024x489.png\",\"width\":1024,\"height\":489,\"caption\":\"Congreso CIECI Capacita\"},\"image\":{\"@id\":\"https:\/\/ciecicapacita.com.mx\/congreso\/#\/schema\/logo\/image\/\"},\"sameAs\":[\"https:\/\/www.facebook.com\/ciecionline\",\"https:\/\/m.youtube.com\/@elpulsodelaeducacion\"]}]}<\/script>\n<!-- \/ Yoast SEO Premium plugin. -->","yoast_head_json":{"title":"1er Congreso de Pedagog\u00edas sociocr\u00edticas y evaluaci\u00f3n formativa - Congreso CIECI Capacita","robots":{"index":"index","follow":"follow","max-snippet":"max-snippet:-1","max-image-preview":"max-image-preview:large","max-video-preview":"max-video-preview:-1"},"canonical":"https:\/\/ciecicapacita.com.mx\/congreso\/producto\/all-access\/","og_locale":"es_ES","og_type":"article","og_title":"1er Congreso de Pedagog\u00edas sociocr\u00edticas y evaluaci\u00f3n formativa","og_description":"Bienvenidos y bienvenidas al 1er Congreso de Pedagog\u00edas Sociocr\u00edticas y Evaluaci\u00f3n Formativa: Hacia una Justicia Educativa Posible. Este evento es un espacio dedicado a la reflexi\u00f3n, el aprendizaje y la construcci\u00f3n de conocimientos en torno a enfoques pedag\u00f3gicos que buscan transformar la educaci\u00f3n, desde una perspectiva cr\u00edtica y comprometida con la equidad, la justicia social y el desarrollo integral de las personas. El acceso al congreso incluye lo siguiente:   Kit de bienvenida.  Acceso a conferencias y seminarios.  Acceso a un taller.  Comida de tres tiempos.  Constancia Digital de participaci\u00f3n.  Para realizar la compra de tu entrada al Congreso, haz clic en \"Reservar entrada\" o \"Paypal\". Se te pedir\u00e1 ingresar tus datos para emitir el recibo de compra. Una vez completado el proceso, recibir\u00e1s un c\u00f3digo QR en el correo electr\u00f3nico registrado en el formulario, el cual ser\u00e1 tu pase para ingresar al evento.","og_url":"https:\/\/ciecicapacita.com.mx\/congreso\/producto\/all-access\/","og_site_name":"Congreso CIECI Capacita","article_publisher":"https:\/\/www.facebook.com\/ciecionline","article_modified_time":"2025-04-05T04:39:43+00:00","og_image":[{"width":678,"height":1024,"url":"https:\/\/ciecicapacita.com.mx\/congreso\/wp-content\/uploads\/2024\/10\/Congreso8_Mesa-de-trabajo-1132-678x1024.png","type":"image\/png"}],"twitter_card":"summary_large_image","twitter_misc":{"Tiempo de lectura":"1 minuto"},"schema":{"@context":"https:\/\/schema.org","@graph":[{"@type":"WebPage","@id":"https:\/\/ciecicapacita.com.mx\/congreso\/producto\/all-access\/","url":"https:\/\/ciecicapacita.com.mx\/congreso\/producto\/all-access\/","name":"1er Congreso de Pedagog\u00edas sociocr\u00edticas y evaluaci\u00f3n formativa - Congreso CIECI Capacita","isPartOf":{"@id":"https:\/\/ciecicapacita.com.mx\/congreso\/#website"},"primaryImageOfPage":{"@id":"https:\/\/ciecicapacita.com.mx\/congreso\/producto\/all-access\/#primaryimage"},"image":{"@id":"https:\/\/ciecicapacita.com.mx\/congreso\/producto\/all-access\/#primaryimage"},"thumbnailUrl":"https:\/\/ciecicapacita.com.mx\/congreso\/wp-content\/uploads\/2024\/10\/Congreso8_Mesa-de-trabajo-1132.png","datePublished":"2024-11-15T02:04:24+00:00","dateModified":"2025-04-05T04:39:43+00:00","breadcrumb":{"@id":"https:\/\/ciecicapacita.com.mx\/congreso\/producto\/all-access\/#breadcrumb"},"inLanguage":"es","potentialAction":[{"@type":"ReadAction","target":["https:\/\/ciecicapacita.com.mx\/congreso\/producto\/all-access\/"]}]},{"@type":"ImageObject","inLanguage":"es","@id":"https:\/\/ciecicapacita.com.mx\/congreso\/producto\/all-access\/#primaryimage","url":"https:\/\/ciecicapacita.com.mx\/congreso\/wp-content\/uploads\/2024\/10\/Congreso8_Mesa-de-trabajo-1132.png","contentUrl":"https:\/\/ciecicapacita.com.mx\/congreso\/wp-content\/uploads\/2024\/10\/Congreso8_Mesa-de-trabajo-1132.png","width":1920,"height":2899},{"@type":"BreadcrumbList","@id":"https:\/\/ciecicapacita.com.mx\/congreso\/producto\/all-access\/#breadcrumb","itemListElement":[{"@type":"ListItem","position":1,"name":"Portada","item":"https:\/\/ciecicapacita.com.mx\/congreso\/"},{"@type":"ListItem","position":2,"name":"Tienda","item":"https:\/\/ciecicapacita.com.mx\/congreso\/tienda\/"},{"@type":"ListItem","position":3,"name":"1er Congreso de Pedagog\u00edas sociocr\u00edticas y evaluaci\u00f3n formativa"}]},{"@type":"WebSite","@id":"https:\/\/ciecicapacita.com.mx\/congreso\/#website","url":"https:\/\/ciecicapacita.com.mx\/congreso\/","name":"Congreso CIECI Capacita","description":"Participa en el 1er Congreso sobre pedagog\u00eda sociocr\u00edticas y evaluaci\u00f3n formativa. Nueva escuela Mexicana","publisher":{"@id":"https:\/\/ciecicapacita.com.mx\/congreso\/#organization"},"alternateName":"1er Congreso de Pedagog\u00eda Sociocriticas y Evaluaci\u00f3n Formativa","potentialAction":[{"@type":"SearchAction","target":{"@type":"EntryPoint","urlTemplate":"https:\/\/ciecicapacita.com.mx\/congreso\/?s={search_term_string}"},"query-input":{"@type":"PropertyValueSpecification","valueRequired":true,"valueName":"search_term_string"}}],"inLanguage":"es"},{"@type":"Organization","@id":"https:\/\/ciecicapacita.com.mx\/congreso\/#organization","name":"Congreso CIECI Capacita","url":"https:\/\/ciecicapacita.com.mx\/congreso\/","logo":{"@type":"ImageObject","inLanguage":"es","@id":"https:\/\/ciecicapacita.com.mx\/congreso\/#\/schema\/logo\/image\/","url":"https:\/\/ciecicapacita.com.mx\/congreso\/wp-content\/uploads\/2024\/10\/Screenshot_2-1024x489.png","contentUrl":"https:\/\/ciecicapacita.com.mx\/congreso\/wp-content\/uploads\/2024\/10\/Screenshot_2-1024x489.png","width":1024,"height":489,"caption":"Congreso CIECI Capacita"},"image":{"@id":"https:\/\/ciecicapacita.com.mx\/congreso\/#\/schema\/logo\/image\/"},"sameAs":["https:\/\/www.facebook.com\/ciecionline","https:\/\/m.youtube.com\/@elpulsodelaeducacion"]}]}},"_links":{"self":[{"href":"https:\/\/ciecicapacita.com.mx\/congreso\/wp-json\/wp\/v2\/product\/361"}],"collection":[{"href":"https:\/\/ciecicapacita.com.mx\/congreso\/wp-json\/wp\/v2\/product"}],"about":[{"href":"https:\/\/ciecicapacita.com.mx\/congreso\/wp-json\/wp\/v2\/types\/product"}],"author":[{"embeddable":true,"href":"https:\/\/ciecicapacita.com.mx\/congreso\/wp-json\/wp\/v2\/users\/1"}],"replies":[{"embeddable":true,"href":"https:\/\/ciecicapacita.com.mx\/congreso\/wp-json\/wp\/v2\/comments?post=361"}],"wp:featuredmedia":[{"embeddable":true,"href":"https:\/\/ciecicapacita.com.mx\/congreso\/wp-json\/wp\/v2\/media\/455"}],"wp:attachment":[{"href":"https:\/\/ciecicapacita.com.mx\/congreso\/wp-json\/wp\/v2\/media?parent=361"}],"wp:term":[{"taxonomy":"product_cat","embeddable":true,"href":"https:\/\/ciecicapacita.com.mx\/congreso\/wp-json\/wp\/v2\/product_cat?post=361"},{"taxonomy":"product_tag","embeddable":true,"href":"https:\/\/ciecicapacita.com.mx\/congreso\/wp-json\/wp\/v2\/product_tag?post=361"}],"curies":[{"name":"wp","href":"https:\/\/api.w.org\/{rel}","templated":true}]}}